{"id":3170,"date":"2025-07-15T10:46:00","date_gmt":"2025-07-15T10:46:00","guid":{"rendered":"https:\/\/bambinos.pt\/?post_type=product&#038;p=3170"},"modified":"2025-07-24T10:10:42","modified_gmt":"2025-07-24T10:10:42","slug":"mini-berco-swing-cosleep-bebecar","status":"publish","type":"product","link":"https:\/\/bambinos.pt\/en\/loja\/mini-berco-swing-cosleep-bebecar\/","title":{"rendered":"Mini Ber\u00e7o Swing Cosleep B\u00e9b\u00e9car"},"content":{"rendered":"<p>Mini Ber\u00e7o Swing Cosleep B\u00e9b\u00e9car<\/p>","protected":false},"excerpt":{"rendered":"<div class=\"product_detail-description\">\n<div class=\"block__container\">\n<p class=\"composition__title\">Carbeb\u00e9 Swing Cosleep<\/p>\n<p class=\"composition__value\">A minicama Swing \u00e9 o sonho de todo pai e m\u00e3e! Este ber\u00e7o cosleeping adapta-se perfeitamente \u00e0 sua cama, proporcionando a m\u00e1xima proximidade e conforto para o seu beb\u00e9. Com v\u00e1rias op\u00e7\u00f5es de altura, ele pode ser usado fixo ou como um ber\u00e7o baloi\u00e7o, garantindo um sono tranquilo para o seu pequeno tesouro.<\/p>\n<\/div>\n<\/div>\n<div class=\"product_detail-description\">\n<div class=\"block__container\">\n<p class=\"composition__title\">Especifica\u00e7\u00f5es do Produto:<\/p>\n<p class=\"composition__value\">-Possui 7 n\u00edveis de altura, proporcionando uma perfeita harmoniza\u00e7\u00e3o com a sua cama.<\/p>\n<p class=\"composition__value\">-A perna do ber\u00e7o \u00e9 ajust\u00e1vel em profundidade para um encaixe ideal \u00e0 cama dos pais.<\/p>\n<p class=\"composition__value\">-As laterais em rede garantem uma ventila\u00e7\u00e3o adequada e visibilidade m\u00fatua.<\/p>\n<p class=\"composition__value\">-Equipado com 4 rodas com trav\u00e3o, tornando-o f\u00e1cil de mover e bloquear quando necess\u00e1rio.<\/p>\n<p class=\"composition__value\">-O revestimento \u00e9 remov\u00edvel e lav\u00e1vel, facilitando a manuten\u00e7\u00e3o da limpeza.<\/p>\n<p class=\"composition__value\">-Possui um cesto inferior em tecido para armazenamento adicional.<\/p>\n<p class=\"composition__value\">-Inclui edred\u00e3o, capa de edred\u00e3o, almofada com fronha, len\u00e7ol e rede mosquiteira.<\/p>\n<\/div>\n<\/div>\n<section class=\"size-attributes block__container block__container--size-attributes\" data-v-a309d9c0=\"\">\n<p class=\"size-attributes__item\" data-v-a309d9c0=\"\">Dimens\u00f5es: 92 (largura) x 15 (profundidade) x 56 (altura) cm<\/p>\n<div class=\"infoGroup\">\n<p>Incluindo:<\/p>\n<div>Vem inclu\u00eddo com colch\u00e3o, cintos de fixa\u00e7\u00e3o em modo cosleep, edred\u00e3o com capa, len\u00e7ol, almofada com fronha, rede mosquiteira com fecho, cesto e saco de transporte.<\/div>\n<div><\/div>\n<\/div>\n<div class=\"infoGroup\">\n<p>Material:<\/p>\n<div>Poliester, algod\u00e3o e espuma<\/div>\n<div><\/div>\n<\/div>\n<div class=\"infoGroup\">Outras caracter\u00edsticas:<\/div>\n<div class=\"infoGroup\">\n<div>Tipo de dobragem: Ultracompacto<\/div>\n<div><\/div>\n<\/div>\n<div class=\"infoGroup\">\n<p>Peso da crian\u00e7a<\/p>\n<div>9 Kg<\/div>\n<div><\/div>\n<\/div>\n<div class=\"block__title\">Idade Recomendada<\/div>\n<div class=\"infoGroup\">\n<div>0 6 meses<\/div>\n<\/div>\n<\/section>","protected":false},"featured_media":3171,"comment_status":"closed","ping_status":"closed","template":"","meta":[],"product_brand":[],"product_cat":[200],"product_tag":[],"class_list":{"0":"post-3170","1":"product","2":"type-product","3":"status-publish","4":"has-post-thumbnail","6":"product_cat-bercos-e-next2me","8":"first","9":"instock","10":"sold-individually","11":"taxable","12":"shipping-taxable","13":"purchasable","14":"product-type-variable"},"_links":{"self":[{"href":"https:\/\/bambinos.pt\/en\/wp-json\/wp\/v2\/product\/3170","targetHints":{"allow":["GET"]}}],"collection":[{"href":"https:\/\/bambinos.pt\/en\/wp-json\/wp\/v2\/product"}],"about":[{"href":"https:\/\/bambinos.pt\/en\/wp-json\/wp\/v2\/types\/product"}],"replies":[{"embeddable":true,"href":"https:\/\/bambinos.pt\/en\/wp-json\/wp\/v2\/comments?post=3170"}],"wp:featuredmedia":[{"embeddable":true,"href":"https:\/\/bambinos.pt\/en\/wp-json\/wp\/v2\/media\/3171"}],"wp:attachment":[{"href":"https:\/\/bambinos.pt\/en\/wp-json\/wp\/v2\/media?parent=3170"}],"wp:term":[{"taxonomy":"product_brand","embeddable":true,"href":"https:\/\/bambinos.pt\/en\/wp-json\/wp\/v2\/product_brand?post=3170"},{"taxonomy":"product_cat","embeddable":true,"href":"https:\/\/bambinos.pt\/en\/wp-json\/wp\/v2\/product_cat?post=3170"},{"taxonomy":"product_tag","embeddable":true,"href":"https:\/\/bambinos.pt\/en\/wp-json\/wp\/v2\/product_tag?post=3170"}],"curies":[{"name":"wp","href":"https:\/\/api.w.org\/{rel}","templated":true}]}}

Mini Berço Swing Cosleep Bébécar

<p>Mini Berço Swing Cosleep Bébécar</p>

<div class="product_detail-description">
<div class="block__container">
<p class="composition__title">Carbebé Swing Cosleep</p>
<p class="composition__value">A minicama Swing é o sonho de todo pai e mãe! Este berço cosleeping adapta-se perfeitamente à sua cama, proporcionando a máxima proximidade e conforto para o seu bebé. Com várias opções de altura, ele pode ser usado fixo ou como um berço baloiço, garantindo um sono tranquilo para o seu pequeno tesouro.</p>
</div>
</div>
<div class="product_detail-description">
<div class="block__container">
<p class="composition__title">Especificações do Produto:</p>
<p class="composition__value">-Possui 7 níveis de altura, proporcionando uma perfeita harmonização com a sua cama.</p>
<p class="composition__value">-A perna do berço é ajustável em profundidade para um encaixe ideal à cama dos pais.</p>
<p class="composition__value">-As laterais em rede garantem uma ventilação adequada e visibilidade mútua.</p>
<p class="composition__value">-Equipado com 4 rodas com travão, tornando-o fácil de mover e bloquear quando necessário.</p>
<p class="composition__value">-O revestimento é removível e lavável, facilitando a manutenção da limpeza.</p>
<p class="composition__value">-Possui um cesto inferior em tecido para armazenamento adicional.</p>
<p class="composition__value">-Inclui edredão, capa de edredão, almofada com fronha, lençol e rede mosquiteira.</p>
</div>
</div>
<section class="size-attributes block__container block__container--size-attributes" data-v-a309d9c0="">
<p class="size-attributes__item" data-v-a309d9c0="">Dimensões: 92 (largura) x 15 (profundidade) x 56 (altura) cm</p>
<div class="infoGroup">
<p>Incluindo:</p>
<div>Vem incluído com colchão, cintos de fixação em modo cosleep, edredão com capa, lençol, almofada com fronha, rede mosquiteira com fecho, cesto e saco de transporte.</div>
<div></div>
</div>
<div class="infoGroup">
<p>Material:</p>
<div>Poliester, algodão e espuma</div>
<div></div>
</div>
<div class="infoGroup">Outras características:</div>
<div class="infoGroup">
<div>Tipo de dobragem: Ultracompacto</div>
<div></div>
</div>
<div class="infoGroup">
<p>Peso da criança</p>
<div>9 Kg</div>
<div></div>
</div>
<div class="block__title">Idade Recomendada</div>
<div class="infoGroup">
<div>0 6 meses</div>
</div>
</section>
